{"id":53,"date":"2025-12-21T08:07:00","date_gmt":"2025-12-21T08:07:00","guid":{"rendered":"https:\/\/undil.edu.tl\/novo\/?page_id=53"},"modified":"2026-01-09T19:14:06","modified_gmt":"2026-01-09T10:14:06","slug":"contactos","status":"publish","type":"page","link":"https:\/\/undil.edu.tl\/novo\/contactos\/","title":{"rendered":"Contactos"},"content":{"rendered":"<p>Contactos<\/p>\n<p>Endere\u00e7o:<br \/>\nUniversidade de D\u00edli<br \/>\nD\u00edli, Timor-Leste<\/p>\n<p>Telefone:<br \/>\n(+670)<\/p>\n<p>Email:<br \/>\ninfo@universidade.com<\/p>\n<p>Hor\u00e1rio de atendimento:<br \/>\nSegunda a Sexta, das 08h00 \u00e0s 16h00<\/p>\n","protected":false},"excerpt":{"rendered":"<p>Contactos Endere\u00e7o: Universidade de D\u00edli D\u00edli, Timor-Leste Telefone: (+670) Email: info@universidade.com Hor\u00e1rio de atendimento: Segunda [&hellip;]<\/p>\n","protected":false},"author":9,"featured_media":0,"parent":0,"menu_order":0,"comment_status":"closed","ping_status":"closed","template":"","meta":{"pagelayer_contact_templates":[],"_pagelayer_content":"","footnotes":""},"class_list":["post-53","page","type-page","status-publish","hentry"],"_links":{"self":[{"href":"https:\/\/undil.edu.tl\/novo\/wp-json\/wp\/v2\/pages\/53","targetHints":{"allow":["GET"]}}],"collection":[{"href":"https:\/\/undil.edu.tl\/novo\/wp-json\/wp\/v2\/pages"}],"about":[{"href":"https:\/\/undil.edu.tl\/novo\/wp-json\/wp\/v2\/types\/page"}],"author":[{"embeddable":true,"href":"https:\/\/undil.edu.tl\/novo\/wp-json\/wp\/v2\/users\/9"}],"replies":[{"embeddable":true,"href":"https:\/\/undil.edu.tl\/novo\/wp-json\/wp\/v2\/comments?post=53"}],"version-history":[{"count":4,"href":"https:\/\/undil.edu.tl\/novo\/wp-json\/wp\/v2\/pages\/53\/revisions"}],"predecessor-version":[{"id":1159,"href":"https:\/\/undil.edu.tl\/novo\/wp-json\/wp\/v2\/pages\/53\/revisions\/1159"}],"wp:attachment":[{"href":"https:\/\/undil.edu.tl\/novo\/wp-json\/wp\/v2\/media?parent=53"}],"curies":[{"name":"wp","href":"https:\/\/api.w.org\/{rel}","templated":true}]}}