{"id":1907,"date":"2026-02-21T19:26:26","date_gmt":"2026-02-21T10:26:26","guid":{"rendered":"https:\/\/undil.edu.tl\/novo\/?page_id=1907"},"modified":"2026-02-23T21:02:13","modified_gmt":"2026-02-23T12:02:13","slug":"estagio-pedagogico","status":"publish","type":"page","link":"https:\/\/undil.edu.tl\/novo\/estagio-pedagogico\/","title":{"rendered":"Est\u00e1gio Pedag\u00f3gico"},"content":{"rendered":"\n\n\n<h6>O Est\u00e1gio Pedag\u00f3gico constitui a etapa estrat\u00e9gica de integra\u00e7\u00e3o entre teoria e pr\u00e1tica, consolidando compet\u00eancias profissionais em contexto real de ensino. Orientado pela \u00e9tica, supervis\u00e3o qualificada e compromisso com a qualidade educativa, promove o desenvolvimento de educadores preparados para atuar com responsabilidade, lideran\u00e7a e impacto<em> <\/em>social.<\/h6>\n\n\n\n\n\n\n\n\n\n\n<u>Escolas Parceiras da Faculdade de Educa\u00e7\u00e3o<\/u>\n<u>Lista de Docentes Orientadores<\/u>\n<u>Estudantes Est\u00e1giarios<\/u>\n\n\n\n\n\n\n\n\n\n\n<h2>Galeria de Fotos do Est\u00e1gio&nbsp; Pedag\u00f3gico da Faculdade de Educa\u00e7\u00e3o da UNDIL | 2026<\/h2>\n\n\n\n\n\n\n\n\n\n\n\n\n\n\n\n\n\n\n<u>Faculdade de Educa\u00e7\u00e3o<\/u>\n<u>Faculdade de Ci\u00eancias da Sa\u00fade<\/u>\n<u>Faculdade de Direito<\/u>\n<u>Faculdade de Ci\u00eancias Pol\u00edticas<\/u>\n<u>Faculdade de Economia&nbsp;<\/u>\n<u>Portal Acad\u00e9mico<\/u>\n\n\n\n\n\n<h2>Visite-nos<\/h2>\n<p data-background-color=\"#204C8E\" class=\"column\" data-pm-slice=\"2 2 [&quot;document&quot;,{&quot;aiOptions&quot;:{&quot;preserveLayouts&quot;:false,&quot;imageOptions&quot;:{&quot;license&quot;:&quot;All&quot;,&quot;provider&quot;:&quot;aiGenerated&quot;,&quot;generateStyle&quot;:&quot;Fresh young creatively vibrant style, utilizing a playful mixture of light colors like orange, salmon, and pastel purple, all set against a warm gradient.&quot;,&quot;model&quot;:&quot;flux-1-quick&quot;,&quot;modelAutoselect&quot;:true,&quot;stylePreset&quot;:&quot;Theme&quot;,&quot;visualsMenuEnabled&quot;:true,&quot;artStylePreset&quot;:&quot;custom&quot;,&quot;artStylePrompt&quot;:&quot;. profissional&quot;},&quot;cardContentType&quot;:&quot;responsive&quot;},&quot;docId&quot;:&quot;tzk8n1oydaydopc&quot;,&quot;background&quot;:{&quot;type&quot;:&quot;none&quot;},&quot;docFlags&quot;:{&quot;cardLayoutsEnabled&quot;:true},&quot;format&quot;:&quot;webpage&quot;,&quot;customCode&quot;:{},&quot;settings&quot;:{&quot;defaultFullBleed&quot;:&quot;full&quot;,&quot;stylesDerivedFrom&quot;:&quot;webpage_fluid&quot;,&quot;cardDimensions&quot;:&quot;fluid&quot;,&quot;verticalAlign&quot;:&quot;center&quot;,&quot;defaultContentWidth&quot;:&quot;lg&quot;,&quot;fontSize&quot;:&quot;sm&quot;,&quot;scaleContentToFit&quot;:false,&quot;locale&quot;:&quot;pt-pt&quot;,&quot;animationsEnabled&quot;:true},&quot;generateStatus&quot;:&quot;done&quot;,&quot;generateInfo&quot;:{&quot;interactionId&quot;:&quot;ko434i9p1nbjpsz&quot;,&quot;streamId&quot;:&quot;tzk8n1oydaydopc&quot;,&quot;lastEventId&quot;:&quot;10&quot;,&quot;lastCompletedCardId&quot;:&quot;qsz3qk0law8fc5u&quot;,&quot;lastCompletedCardIndex&quot;:9}},&quot;card&quot;,{&quot;id&quot;:&quot;qsz3qk0law8fc5u&quot;,&quot;previewContent&quot;:null,&quot;background&quot;:{&quot;type&quot;:&quot;none&quot;},&quot;container&quot;:{},&quot;cardSize&quot;:&quot;default&quot;,&quot;layout&quot;:&quot;blank&quot;,&quot;layoutTemplateColumns&quot;:null,&quot;layoutTemplateRows&quot;:null,&quot;verticalAlign&quot;:null,&quot;generatorInput&quot;:null,&quot;fontScale&quot;:null,&quot;cardMarginSettings&quot;:{},&quot;hidden&quot;:false},&quot;cardLayoutItem&quot;,{&quot;itemId&quot;:&quot;body&quot;},&quot;gridLayout&quot;,{&quot;colWidths&quot;:[50,50],&quot;fullWidthBlock&quot;:false,&quot;backgroundColor&quot;:null}]\"><h3><span hex=\"#FFFFFF\" class=\"textColor\" style=\"--text-color: #FFFFFF\"><strong>Informa\u00e7\u00f5es de Contacto<\/strong><\/span><\/h3><\/p>\n<p class=\"paragraph\"><strong>Morada:<\/strong><br>Av. Presidente Xavier do Amaral<br>Mascarenhas, D\u00edli<br>Timor-Leste<\/p>\n<p class=\"paragraph\"><strong>Telefone:<\/strong><br><span hex=\"#FFFFFF\" class=\"textColor\" style=\"--text-color: #FFFFFF;\"><a rel=\"noopener noreferrer\" class=\"link\" href=\"tel:(+670) 77468775\" style=\"text-decoration-line: underline;\">(+670<\/a><a rel=\"noopener noreferrer\" class=\"link\" href=\"tel:(+670) 77468775\" style=\"\">) <u>77468775<\/u><\/a> \/ <a rel=\"noopener noreferrer\" class=\"link\" href=\"tel:77328543 \/ 75685440\" style=\"\"><u>77328543<\/u> \/ <u>75685440<\/u><\/a><\/span><\/p>\n<p class=\"paragraph\"><strong>Email:<\/strong><u><br><span hex=\"#FFFFFF\" class=\"textColor\" style=\"--text-color: #FFFFFF\"><a rel=\"noopener noreferrer\" class=\"link\" href=\"mailto:info@undil.edu.tl\">info@undil.edu.tl<\/a><\/span><\/u><\/p>\n<a href=\"http:\/\/www.undil.edu.tl\" class=\"pagelayer-link-sel\"><\/a><p class=\"paragraph\"><a href=\"http:\/\/www.undil.edu.tl\" class=\"pagelayer-link-sel\"><u><span hex=\"#FFFFFF\" class=\"textColor\" style=\"--text-color: #FFFFFF\"><\/span><\/u><\/a><u><a rel=\"noopener noreferrer\" class=\"link\" href=\"mailto:info@undil.edu.tl\"><\/a><\/u><\/p><p class=\"paragraph\"><u><\/u><\/p><p class=\"paragraph\"><strong>Website:<\/strong><u><br><span hex=\"#FFFFFF\" class=\"textColor\" style=\"--text-color: #FFFFFF\"><a rel=\"noopener noreferrer\" class=\"link\" href=\"http:\/\/www.undil.edu.tl\">www.undil.edu.tl<\/a><\/span><\/u><\/p>\n\n\n\n\n\n\n\n\n\n\n\n\n","protected":false},"excerpt":{"rendered":"","protected":false},"author":9,"featured_media":1884,"parent":0,"menu_order":0,"comment_status":"closed","ping_status":"closed","template":"","meta":{"pagelayer_contact_templates":[],"_pagelayer_content":"","footnotes":""},"class_list":["post-1907","page","type-page","status-publish","has-post-thumbnail","hentry"],"_links":{"self":[{"href":"https:\/\/undil.edu.tl\/novo\/wp-json\/wp\/v2\/pages\/1907","targetHints":{"allow":["GET"]}}],"collection":[{"href":"https:\/\/undil.edu.tl\/novo\/wp-json\/wp\/v2\/pages"}],"about":[{"href":"https:\/\/undil.edu.tl\/novo\/wp-json\/wp\/v2\/types\/page"}],"author":[{"embeddable":true,"href":"https:\/\/undil.edu.tl\/novo\/wp-json\/wp\/v2\/users\/9"}],"replies":[{"embeddable":true,"href":"https:\/\/undil.edu.tl\/novo\/wp-json\/wp\/v2\/comments?post=1907"}],"version-history":[{"count":18,"href":"https:\/\/undil.edu.tl\/novo\/wp-json\/wp\/v2\/pages\/1907\/revisions"}],"predecessor-version":[{"id":2027,"href":"https:\/\/undil.edu.tl\/novo\/wp-json\/wp\/v2\/pages\/1907\/revisions\/2027"}],"wp:featuredmedia":[{"embeddable":true,"href":"https:\/\/undil.edu.tl\/novo\/wp-json\/wp\/v2\/media\/1884"}],"wp:attachment":[{"href":"https:\/\/undil.edu.tl\/novo\/wp-json\/wp\/v2\/media?parent=1907"}],"curies":[{"name":"wp","href":"https:\/\/api.w.org\/{rel}","templated":true}]}}