{"id":1596,"date":"2026-01-24T00:38:18","date_gmt":"2026-01-23T15:38:18","guid":{"rendered":"https:\/\/undil.edu.tl\/novo\/?page_id=1596"},"modified":"2026-03-08T12:39:58","modified_gmt":"2026-03-08T03:39:58","slug":"pajina-inisial","status":"publish","type":"page","link":"https:\/\/undil.edu.tl\/novo\/tet\/pajina-inisial\/","title":{"rendered":"P\u00e1jina Inisi\u00e1l"},"content":{"rendered":"\n\n\n<br>\n\n\n<br>\n\n\n<br>\n\n\n&nbsp;\n\n\n&nbsp;\n\n\n\n\n<h2>INSKRISAUN ABERTU IHA UNDIL BA 2026!!<\/h2>\n\n\n\n\n\n\n\n\n\n\n&nbsp;Fakuldade Sira\n\n\n\n\n\n<u>Fakuldade Edukasaun&nbsp;<\/u>\n<u>Fakulade Direitu<\/u>\n<u>Fakuldade Ekonomia<br><\/u>\n\n\n\n\n<u>Fakuldade Si\u00e9nsia Pol\u00edtika<\/u>\n<u>Fakuldade Engenharia<\/u>\n<u>Faculdade Si\u00e9nsia Sa\u00fade<\/u>\n\n\n\n\n\nNot\u00edsias Foun&nbsp;\n\n\n\n\n\nKooperasaun | CPLP &amp; ASEAN\n<h2><p data-start=\"395\" data-end=\"621\"><strong data-start=\"395\" data-end=\"621\">UNDIL mant\u00e9n parseria estrat\u00e9jika ho instituisaun sira husi Komunidade Pa\u00eds L\u00edngua Portug\u00e9sa (CPLP) no Asosiasaun Nasaun Sudeste Azi\u00e1tiku (ASEAN), hodi promove kooperasaun akad\u00e9mika, sient\u00edfika no mobilidade institusion\u00e1l.<\/strong><\/p><\/h2><div><br><\/div>\n\n\n\n\n<h2>CPLP&nbsp;<\/h2>\n<h2>FORGES<\/h2>\n<h4>Kooperasaun entre UNDIL no FORGES hametin gobernansa no jestaun ensinu superi\u00f3r iha espasu lus\u00f3fonu, hodi promove partilha pratika di\u2019ak, formasaun akad\u00e9mika no kooperasaun sient\u00edfika entre instituisaun sira husi nasaun lian portug\u00e9sa.<\/h4><h2><p data-id=\"yftf0\" id=\"yftf0\" data-options=\"{&quot;color&quot;:&quot;#FFFFFF&quot;}\" class=\"layout-item\"><\/p><p data-font-size=\"default\" class=\"paragraph\"><br><\/p><p><\/p><\/h2>\n<h2>Universidade Aberta<\/h2>\n<h4>Parseria entre UNDIL no Universidade Aberta ho objetivu atu hametin formasaun akad\u00e9mika no pedag\u00f3jika, liu-liu iha \u00e1rea ensinu a dist\u00e1nsia, kapasitasaun dosente sira no dezenvolvimentu programa konjuntu ba nivel graduasaun no p\u00f3s-graduasaun.<\/h4><h2><p data-id=\"yftf0\" id=\"yftf0\" data-options=\"{&quot;color&quot;:&quot;#FFFFFF&quot;}\" class=\"layout-item\"><\/p><p data-font-size=\"default\" class=\"paragraph\"><br><\/p><p><\/p><\/h2>\n<h2>RACS<\/h2>\n<h4><p data-start=\"1634\" data-end=\"1871\">Kooperasaun entre UNDIL no RACS foka ba promosaun investigasaun sient\u00edfika, interk\u00e2mbiu akad\u00e9miku no divulgasaun ko\u00f1esimentu, hodi kontribui ba hametin produsaun sient\u00edfika no kooperasaun institusion\u00e1l iha espasu akad\u00e9miku internasion\u00e1l.<\/p><\/h4><h2><p data-id=\"yftf0\" id=\"yftf0\" data-options=\"{&quot;color&quot;:&quot;#FFFFFF&quot;}\" class=\"layout-item\"><\/p><p data-font-size=\"default\" class=\"paragraph\"><br><\/p><p><\/p><\/h2>\n<h2>ASEAN<\/h2>\n<h2>(BREVEMENTE..)<\/h2>\n\n\n\n\nInvestigasaun\n<h2><span style=\"color: rgb(32, 76, 142); font-family: &quot;Times New Roman&quot;; font-size: 28px; letter-spacing: 1px;\">CIFA | Sentru Investigasaun no Formasaun Avansadu&nbsp;<\/span><\/h2>\n<h2><p data-start=\"2978\" data-end=\"3190\" style=\"margin-bottom: 1em; color: rgb(51, 51, 51); font-family: Oxygen, sans-serif; font-weight: 400; background-color: rgb(255, 255, 255);\">UNDIL iha&nbsp;<strong data-start=\"2988\" data-end=\"3041\">Sentru Investigasaun no Formasaun Avansadu (CIFA)<\/strong>, ne\u2019eb\u00e9 kria tuir Despaxu N\u00ba 03\/Reitor-UNDIL\/IX\/2023, no mos iha&nbsp;<strong data-start=\"3107\" data-end=\"3148\">Sentru Peskeza no Servisu Komunit\u00e1riu<\/strong>&nbsp;(Artigu 30 Estatutu Org\u00e1niku UNDIL nian).<\/p><p data-start=\"3192\" data-end=\"3390\" style=\"margin-bottom: 1em; color: rgb(51, 51, 51); font-family: Oxygen, sans-serif; font-weight: 400; background-color: rgb(255, 255, 255);\"><strong data-start=\"3192\" data-end=\"3245\">Sentru Investigasaun no Formasaun Avansadu (CIFA)<\/strong>&nbsp;UNDIL nian mak unidade ida ba investigasaun sient\u00edfika no formasaun avansadu, ho autonomia iha jestaun sient\u00edfika, pedag\u00f3jika no administrat\u00edva.<\/p><p data-start=\"3392\" data-end=\"3533\" style=\"margin-bottom: 1em; color: rgb(51, 51, 51); font-family: Oxygen, sans-serif; font-weight: 400; background-color: rgb(255, 255, 255);\">Iha nivel nasional, CIFA hala\u2019o servisu iha armonia ho estrat\u00e9jia jer\u00e1l&nbsp;<strong data-start=\"3464\" data-end=\"3532\">Institutu Nasional Si\u00e9nsia no Teknolojia (INCT) Timor-Leste nian<\/strong>.<\/p><p data-start=\"3535\" data-end=\"3870\" style=\"margin-bottom: 1em; color: rgb(51, 51, 51); font-family: Oxygen, sans-serif; font-weight: 400; background-color: rgb(255, 255, 255);\">Iha nivel internasion\u00e1l, CIFA implementa pol\u00edtika investigasaun Universidade D\u00edli (UNDIL) nian, konsidera katak UNDIL asina ona&nbsp;<strong data-start=\"3663\" data-end=\"3725\">Deklarasaun S\u00e3o Francisco kona-ba Avaliasaun Investigasaun<\/strong>,&nbsp;<strong data-start=\"3727\" data-end=\"3775\">Deklarasaun Budapeste kona-ba Si\u00e9nsia Aberta<\/strong>, no mos mak signat\u00e1riu no membru husi&nbsp;<strong data-start=\"3814\" data-end=\"3869\">Coalition for Advancing Research Assessment (CoARA)<\/strong>.<\/p><\/h2>\n\n\n\n\n\n\n\n\n\n\n\n\n\n\n\n<u>Fakuldade Edukasaun<\/u>\n<u>Faculdade Si\u00e9nsia Sa\u00fade<\/u>\n<u>Fakuldade Direitu<\/u>\n<u>Fakuldade Si\u00e9nsias Pol\u00edtika<\/u>\n<u>Fakuldade Ekonomia&nbsp;<\/u>\n<u>Portal Akad\u00e9miku<\/u>\n\n\n\n<h2>Vizita ami<\/h2>\n<p data-background-color=\"#204C8E\" class=\"column\" data-pm-slice=\"2 2 [&quot;document&quot;,{&quot;aiOptions&quot;:{&quot;preserveLayouts&quot;:false,&quot;imageOptions&quot;:{&quot;license&quot;:&quot;All&quot;,&quot;provider&quot;:&quot;aiGenerated&quot;,&quot;generateStyle&quot;:&quot;Fresh young creatively vibrant style, utilizing a playful mixture of light colors like orange, salmon, and pastel purple, all set against a warm gradient.&quot;,&quot;model&quot;:&quot;flux-1-quick&quot;,&quot;modelAutoselect&quot;:true,&quot;stylePreset&quot;:&quot;Theme&quot;,&quot;visualsMenuEnabled&quot;:true,&quot;artStylePreset&quot;:&quot;custom&quot;,&quot;artStylePrompt&quot;:&quot;. profissional&quot;},&quot;cardContentType&quot;:&quot;responsive&quot;},&quot;docId&quot;:&quot;tzk8n1oydaydopc&quot;,&quot;background&quot;:{&quot;type&quot;:&quot;none&quot;},&quot;docFlags&quot;:{&quot;cardLayoutsEnabled&quot;:true},&quot;format&quot;:&quot;webpage&quot;,&quot;customCode&quot;:{},&quot;settings&quot;:{&quot;defaultFullBleed&quot;:&quot;full&quot;,&quot;stylesDerivedFrom&quot;:&quot;webpage_fluid&quot;,&quot;cardDimensions&quot;:&quot;fluid&quot;,&quot;verticalAlign&quot;:&quot;center&quot;,&quot;defaultContentWidth&quot;:&quot;lg&quot;,&quot;fontSize&quot;:&quot;sm&quot;,&quot;scaleContentToFit&quot;:false,&quot;locale&quot;:&quot;pt-pt&quot;,&quot;animationsEnabled&quot;:true},&quot;generateStatus&quot;:&quot;done&quot;,&quot;generateInfo&quot;:{&quot;interactionId&quot;:&quot;ko434i9p1nbjpsz&quot;,&quot;streamId&quot;:&quot;tzk8n1oydaydopc&quot;,&quot;lastEventId&quot;:&quot;10&quot;,&quot;lastCompletedCardId&quot;:&quot;qsz3qk0law8fc5u&quot;,&quot;lastCompletedCardIndex&quot;:9}},&quot;card&quot;,{&quot;id&quot;:&quot;qsz3qk0law8fc5u&quot;,&quot;previewContent&quot;:null,&quot;background&quot;:{&quot;type&quot;:&quot;none&quot;},&quot;container&quot;:{},&quot;cardSize&quot;:&quot;default&quot;,&quot;layout&quot;:&quot;blank&quot;,&quot;layoutTemplateColumns&quot;:null,&quot;layoutTemplateRows&quot;:null,&quot;verticalAlign&quot;:null,&quot;generatorInput&quot;:null,&quot;fontScale&quot;:null,&quot;cardMarginSettings&quot;:{},&quot;hidden&quot;:false},&quot;cardLayoutItem&quot;,{&quot;itemId&quot;:&quot;body&quot;},&quot;gridLayout&quot;,{&quot;colWidths&quot;:[50,50],&quot;fullWidthBlock&quot;:false,&quot;backgroundColor&quot;:null}]\"><h3><span hex=\"#FFFFFF\" class=\"textColor\" style=\"--text-color: #FFFFFF\"><strong>Informa\u00e7\u00f5es de Contacto<\/strong><\/span><\/h3><\/p>\n<p class=\"paragraph\"><strong>Morada:<\/strong><br>Av. Presidente Xavier do Amaral<br>Mascarenhas, D\u00edli<br>Timor-Leste<\/p>\n<p class=\"paragraph\"><strong>Telefone:<\/strong><br><span hex=\"#FFFFFF\" class=\"textColor\" style=\"--text-color: #FFFFFF;\"><a rel=\"noopener noreferrer\" class=\"link\" href=\"tel:(+670) 77468775\" style=\"text-decoration-line: underline;\">(+670<\/a><a rel=\"noopener noreferrer\" class=\"link\" href=\"tel:(+670) 77468775\" style=\"\">) <u>77468775<\/u><\/a> \/ <a rel=\"noopener noreferrer\" class=\"link\" href=\"tel:77328543 \/ 75685440\" style=\"\"><u>77328543<\/u> \/ <u>75685440<\/u><\/a><\/span><\/p>\n<p class=\"paragraph\"><strong>Email:<\/strong><u><br><span hex=\"#FFFFFF\" class=\"textColor\" style=\"--text-color: #FFFFFF\"><a rel=\"noopener noreferrer\" class=\"link\" href=\"mailto:info@undil.edu.tl\">info@undil.edu.tl<\/a><\/span><\/u><\/p>\n<a href=\"http:\/\/www.undil.edu.tl\" class=\"pagelayer-link-sel\"><\/a><p class=\"paragraph\"><a href=\"http:\/\/www.undil.edu.tl\" class=\"pagelayer-link-sel\"><u><span hex=\"#FFFFFF\" class=\"textColor\" style=\"--text-color: #FFFFFF\"><\/span><\/u><\/a><u><a rel=\"noopener noreferrer\" class=\"link\" href=\"mailto:info@undil.edu.tl\"><\/a><\/u><\/p><p class=\"paragraph\"><u><\/u><\/p><p class=\"paragraph\"><strong>Website:<\/strong><u><br><span hex=\"#FFFFFF\" class=\"textColor\" style=\"--text-color: #FFFFFF\"><a rel=\"noopener noreferrer\" class=\"link\" href=\"http:\/\/www.undil.edu.tl\">www.undil.edu.tl<\/a><\/span><\/u><\/p>\n\n\n\n\n\n\n\n\n\n\n\n\n\n","protected":false},"excerpt":{"rendered":"","protected":false},"author":9,"featured_media":1846,"parent":0,"menu_order":0,"comment_status":"closed","ping_status":"closed","template":"","meta":{"pagelayer_contact_templates":[],"_pagelayer_content":"","footnotes":""},"class_list":["post-1596","page","type-page","status-publish","has-post-thumbnail","hentry"],"_links":{"self":[{"href":"https:\/\/undil.edu.tl\/novo\/wp-json\/wp\/v2\/pages\/1596","targetHints":{"allow":["GET"]}}],"collection":[{"href":"https:\/\/undil.edu.tl\/novo\/wp-json\/wp\/v2\/pages"}],"about":[{"href":"https:\/\/undil.edu.tl\/novo\/wp-json\/wp\/v2\/types\/page"}],"author":[{"embeddable":true,"href":"https:\/\/undil.edu.tl\/novo\/wp-json\/wp\/v2\/users\/9"}],"replies":[{"embeddable":true,"href":"https:\/\/undil.edu.tl\/novo\/wp-json\/wp\/v2\/comments?post=1596"}],"version-history":[{"count":18,"href":"https:\/\/undil.edu.tl\/novo\/wp-json\/wp\/v2\/pages\/1596\/revisions"}],"predecessor-version":[{"id":2036,"href":"https:\/\/undil.edu.tl\/novo\/wp-json\/wp\/v2\/pages\/1596\/revisions\/2036"}],"wp:featuredmedia":[{"embeddable":true,"href":"https:\/\/undil.edu.tl\/novo\/wp-json\/wp\/v2\/media\/1846"}],"wp:attachment":[{"href":"https:\/\/undil.edu.tl\/novo\/wp-json\/wp\/v2\/media?parent=1596"}],"curies":[{"name":"wp","href":"https:\/\/api.w.org\/{rel}","templated":true}]}}